it of v/(-15) - (-81)/15?
5
Let w(y) = y**2 - 3*y + 4. Let s be w(3). Let x(z) = -z**2 + 5*z. Let u be x(s). What is the units digit of (2/5)/(u/60)?
6
Suppose 23 = 5*u - 17. Let c = 1 + -1. Suppose -3*r - r + u = c. What is the units digit of r?
2
Let q be (-24)/(-14) - (-10)/35. Suppose -q*z - 11 = -41. Let n = 26 - z. What is the tens digit of n?
1
Let z = 40 + -24. What is the units digit of z?
6
Suppose 3*u - 6*k + k = 223, -5*u - 4*k + 384 = 0. What is the tens digit of u?
7
Suppose -4*u = -f - 12, 0 = -5*f - 6*u + 4*u + 6. Suppose -2*b + 7 - 1 = f. What is the units digit of b?
3
Let n(z) = -z**2 - 2*z + 3. Let k be n(-7). Let f = -13 - k. What is the tens digit of f?
1
Suppose -106 = 4*g - 330. What is the units digit of (g/(-20))/(2/(-10))?
4
Let k(w) be the first derivative of -w**3/3 + 13*w**2/2 + 13*w + 3. What is the tens digit of k(12)?
2
Suppose -3*s + 434 + 31 = 0. What is the hundreds digit of s?
1
Suppose 4 = 3*d + 10. Let f = d - -23. What is the units digit of f?
1
Let b(x) = 3*x**3 + 2*x**2 - 1. Let j be b(1). Let k be j/12 + 31/(-3). Let o = k + 15. What is the units digit of o?
5
Suppose 3*a + 3 + 18 = 0. Suppose -2*s + 3*s = -3*r - 78, -3*s - 4*r - 259 = 0. What is the units digit of 12/(-42) + s/a?
3
Let v(q) = 3*q**2 + 3*q - 4. What is the units digit of v(5)?
6
What is the hundreds digit of 101 + -1 + -1 + 1?
1
Let o = 5 + -3. Suppose 2*n + 3*q - 40 + 13 = 0, 2 = -o*q. What is the tens digit of n?
1
Let f be 1/3 - (-150)/9. Suppose 3*b = -n + f, -4*n = -4 - 16. What is the tens digit of (-6)/b*28/(-3)?
1
Let i = 4 + 0. Let a = -128 - -213. Suppose -o = i*o - a. What is the tens digit of o?
1
Suppose 8 = 4*o, -4*g = -0*g + 3*o - 442. What is the units digit of g?
9
Let s(d) = d**3 - 7*d**2 + 3. Suppose 2*u = 6 + 8. Let i be s(u). What is the units digit of i + 0 + 20/2?
3
Let p = 0 - 1. Let y be (-246)/18 - p/(-3). Let u = y - -23. What is the units digit of u?
9
Suppose 4*x = 3*j - 28, -3*x - 38 = -4*j + 2*x. What is the tens digit of j?
1
Let q = 10 + -10. Let o(y) = y**3 + y**2 + y + 16. What is the tens digit of o(q)?
1
Let r(w) = w**2 - 5*w - 6. Suppose 4*q + 3 = 5*k - 52, 0 = 4*k + 5*q - 3. What is the units digit of r(k)?
8
Let i(c) = -c**3 + c**2 - c - 4. Let p be i(0). Let k = -2 + p. Let g(m) = m**2 + 7*m + 8. What is the units digit of g(k)?
2
Suppose 4*i + a = 1058, -796 = -2*i - i - 2*a. What is the hundreds digit of i?
2
Suppose t + 5*x = 5 - 0, 5*x + 25 = 5*t. Suppose z - 3*b = 16, 0*b = t*z - 3*b - 56. What is the units digit of z?
0
Suppose -30 = i - 6*i. What is the units digit of 1/3 - (-22)/i?
4
Let l be (1/(1/(-5)))/(-1). Suppose 2*m + 15 = -l*y + 45, -12 = -2*y + 3*m. What is the units digit of y?
6
Suppose 4 = 3*y - 5. What is the units digit of -2 + 1 - (-34 + y)?
0
Let l(n) = n - 1 - 2*n + 6. Let i be l(6). Let w = i + 6. What is the units digit of w?
5
Suppose -2*a + 5*a = 15. Let q(z) = 3*z - 8. Let c(y) = -6*y + 17. Let k(m) = 2*c(m) + 5*q(m). What is the units digit of k(a)?
9
Let h(n) = n**3 - n + 78. What is the tens digit of h(0)?
7
Let k = -6 + 14. What is the units digit of k?
8
Let b(n) = -n**2 + 6*n + 1. Let w be b(6). Let s be -2 + 2 - (w - 7). Suppose s + 0 = x. What is the units digit of x?
6
Let t = -22 - -32. What is the tens digit of t?
1
Suppose -5*x = 5*z + 15, 10 = 2*z - 2*x - 0. Let n(k) = 5*k**3 + k**2 + k - 1. What is the units digit of n(z)?
6
Let u(o) = -6*o - 7. What is the units digit of u(-4)?
7
Let p = -10 - -20. Let z = 21 + p. What is the tens digit of z?
3
Suppose -4*q = -2*q - 8. What is the units digit of q?
4
Let c = 7 + -7. Suppose 4*n - 3*b - 54 = c, -n = -0*n + 5*b - 25. What is the tens digit of n?
1
Let v(n) = 31*n**2 - 2*n - 1. Let q be v(-1). Suppose z - q = -z. What is the units digit of z?
6
Let u(o) = 26*o**2 - 8*o - 11. What is the hundreds digit of u(-3)?
2
Suppose 10 = b + b. Suppose -b*s = -33 - 12. What is the units digit of s?
9
Let k(f) = -f**2 - 32*f - 51. What is the units digit of k(-26)?
5
Suppose -15*f + 10*f + 830 = 0. What is the units digit of f?
6
Suppose c - 173 = -4*a, 4*c - 2*a + 128 - 748 = 0. What is the tens digit of c?
5
Suppose -u - 3 = 2*q, 0 = -3*q - 0*q - 2*u - 7. What is the units digit of (q - (-1)/(-2))*6?
3
Let f(j) = -5*j**3 + 6*j - 3. Let y(d) = 9*d**3 + d**2 - 11*d + 6. Let r(u) = -5*f(u) - 3*y(u). What is the units digit of r(-3)?
5
Let c(k) be the second derivative of k**5/20 + 11*k**4/12 + 2*k**3/3 + 5*k**2/2 - k. Let i be c(-10). Let m = i - 46. What is the tens digit of m?
1
What is the tens digit of (140/(-3))/(32/(-48))?
7
Suppose 3*r - 4*j = 8*r - 160, 5*j = 3*r - 59. Let d = -10 + r. What is the tens digit of d?
1
Let o = -3 - -24. Suppose -75 = -3*r + o. What is the tens digit of r?
3
Let s(u) = -3*u - 13. Let f be s(-9). Suppose 0 = -b - b + f. What is the units digit of b?
7
Let d = 0 - 0. Let w = 1 + d. Suppose 0 + w = s. What is the units digit of s?
1
Suppose -h - 3*j + 102 = h, -3*h + 142 = -j. What is the units digit of h?
8
Let h(o) = 10*o**2 + 3*o + 2. Let w be h(-2). Let v be (-33)/((-6)/(-4) + -3). Let k = w - v. What is the units digit of k?
4
Suppose 0*u - 68 = -4*u - 3*i, 2*u + 4*i - 34 = 0. What is the units digit of u?
7
Let z = 109 - 29. What is the units digit of z?
0
Suppose 0 = 5*u + 4*m - 178, 4*u + 3*m - 130 = 6*m. Suppose -5*k - 3*z = -150, -k + 4*z = k - u. What is the tens digit of k?
2
What is the tens digit of (-2*69/(-6))/(2/4)?
4
Let y(t) = t**3 + 4*t**2 - 5*t + 2. Let b be y(-5). Suppose -m + 13 = b. What is the units digit of m?
1
Let o = 35 + -6. Let x = o - 20. What is the units digit of x?
9
Let a(y) = 2*y - 9. Let n be a(-8). Let t be 0/(-3) - n*1. Suppose -7 = -4*p + t. What is the units digit of p?
8
What is the tens digit of (-2)/11 - (10506/33)/(-2)?
5
Let x = -120 + 173. What is the units digit of x?
3
Let y(d) = -3*d + 1 - 9 + 0*d. What is the tens digit of y(-8)?
1
Let c = -272 - -550. What is the units digit of c?
8
Let b = 100 + -56. Suppose b = 2*x - 5*s, 18 = 3*x + 2*s - 10. What is the tens digit of x?
1
Suppose 6 = 5*v + 1. Let l be (-1 - 0 - -4)/v. Suppose o = l*o - 16. What is the units digit of o?
8
Let r be (-1)/(-2) - 9/(-6). Let p(u) = u**2. Let h be p(r). Suppose w = -w + h. What is the units digit of w?
2
Let c be -1*(3/3 + -1). Suppose c = -3*i + 31 + 62. What is the tens digit of i?
3
Let v(q) = -q**2 - q + 4. Let h be 1/((6/9)/(-2)). Let a be v(h). What is the units digit of -1 + 0 - (a + 0)?
1
What is the units digit of (-1 + -6 + -78)*(0 - 1)?
5
Let h = 25 - -34. What is the tens digit of h?
5
Suppose 0 = 2*b + 3*f - 63, 3*b - f + 33 - 111 = 0. Suppose -5*s = -2*s - b. Suppose -s = -4*o + 23. What is the units digit of o?
8
Let q(n) = n**3 + 7*n**2 + 3*n. What is the units digit of q(-3)?
7
Let t = -3 + 2. Let p = 4 + t. Suppose -p*c - 4 = -4*c. What is the units digit of c?
4
Let m(d) = -d**2 + 2*d - 1. Suppose 2*z + 2 = 2*l - 6*l, 2*l + 7 = -3*z. Let p be m(l). Suppose p = 3*b - 3. What is the units digit of b?
1
Suppose -3*s = -l + 2*s + 10, -3*l + 30 = 3*s. Let u(c) = -1 - 11 + 2*c - 2. What is the units digit of u(l)?
6
Suppose -3*k - r = -k - 285, -4*r = 4. What is the tens digit of k?
4
Let y(n) = -19*n - 1. Let r be y(3). Let j = r + 32. What is the tens digit of (3/(-6))/(1/j)?
1
Suppose 0 = l - 19 - 81. Suppose 2*p = 6*p - l. What is the units digit of p?
5
Let v be (6/4)/((-12)/(-40)). Suppose 5 = 3*x - b, -v*x - 15 = 2*b + b. Suppose -n + x*n = -g + 7, -27 = -g - 4*n. What is the units digit of g?
1
Let r = 197 + -115. What is the units digit of r/5 + (-2)/5?
6
Let o(p) = -p**3 + 9*p**2 - 9*p + 2. Let l be o(7). Let f = l + -26. What is the tens digit of f?
1
Let v = 90 + -128. Let f = -20 - v. What is the units digit of f?
8
Let u = 23 - 6. What is the tens digit of u?
1
Let c = 1 - -1. Suppose -c*x + 23 = -x. Suppose -x = -3*h + 3*f - 8, 0 = -5*h + f + 9. What is the units digit of h?
1
Let k be ((-2)/(-6))/(12/216). Let o = -7 - -13. Suppose -2*y + k = -o. What is the units digit of y?
6
Suppose 1 = 2*q - 7. Suppose -a = a - q. What is the units digit of a?
2
Let t(s) = s**2 - 3*s + 4. Let q be t(3). Suppose q*v = 2*m + v - 24, 2*v + 38 = 5*m. What is the units digit of m?
6
Let p(f) = f + 50. What is the units digit of p(-15)